{"id":21,"date":"2024-03-22T10:30:29","date_gmt":"2024-03-22T07:30:29","guid":{"rendered":"http:\/\/jeanmonnet.29mayis.edu.tr\/coaware\/?page_id=21"},"modified":"2024-03-22T10:30:30","modified_gmt":"2024-03-22T07:30:30","slug":"team","status":"publish","type":"page","link":"https:\/\/jeanmonnet.29mayis.edu.tr\/coaware\/team\/","title":{"rendered":"Team"},"content":{"rendered":"<div class=\"card mb-3\">\n<div class=\"row no-gutters\">\n<div class=\"col-md-3\"><img decoding=\"async\" class=\"w-100\" src=\"https:\/\/filehost.29mayis.edu.tr\/upload\/2019\/10\/10\/zgur-unal-eris_200x250at.jpg\" alt=\"...\" \/><\/div>\n<div class=\"col-md-9\">\n<div class=\"card-body\">\n<h5 class=\"card-title\">Prof. Dr. \u00d6zg\u00fcr \u00dcnal Eri\u015f<\/h5>\n<p class=\"card-text\"><em>Chairholder <\/em><\/p>\n<p class=\"card-text\"><em>Jean Monnet Chair on EU Awareness, Relations and Cooperation<\/em><\/p>\n<p class=\"card-text\">Professor \u00d6zg\u00fcr \u00dcnal \u2013 Eri\u015f received her bachelor degree from Bo\u011fazi\u00e7i University Political Science and International Relations Department in 1996. She then completed her masters in European Studies in 1998 in University of Exeter\u2019s Centre of European Studies in United Kingdom. Eri\u015f received her PhD from University of Essex\u2019s Department of Government in United Kingdom in 2005. She taught at Bah\u00e7e\u015fehir University between 2001-2015. Since 2015 she has been teaching full time at \u0130stanbul 29 May\u0131s University and part-time in various other universities. Eri\u015f specializes on soft security threats; specifically illegal migration and Turkey\u2019s role as a transit route between Europe and the Middle East, conflict resolution strategies and EU as the conflict manager, European Neighbourhood Policy and external relations of the EU, politics of oil and energy security, Turkey-EU relations, specifically the impact of EU on democratisation of Turkey and German politics. Her recently published books include Revisiting Secularism in Theory and Practice from Springer Publishing and Political Economy of Muslim Countries from Cambridge Scholars Publishing. She speaks fluent English and German. During her career besides teaching mainly courses on European integration and publishing extensively on EU- related issues, she has embarked upon several training and educational seminars dedicated to creating awareness about the European Union among public. She became a full professor in October 2020<\/p>\n<\/div>\n<\/div>\n<\/div>\n<\/div>\n<div class=\"card mb-3\">\n<div class=\"row no-gutters\">\n<div class=\"col-md-3\"><img decoding=\"async\" class=\"w-100\" src=\"https:\/\/filehost.29mayis.edu.tr\/upload\/2017\/05\/01\/michelangelo_guida_1590b2e88874f9_200x250at.jpg\" alt=\"...\" \/><\/div>\n<div class=\"col-md-9\">\n<div class=\"card-body\">\n<h5 class=\"card-title\">Prof. Dr. Michelangelo GUIDA<\/h5>\n<p class=\"card-text\">Professor Michelangelo Guida holds a BA in politics and a PhD in Turkish history from Istituto Universitario Orientale (Naples, Italy) as well as a MA in Turkish Studies from SOAS (London, UK). Michelangelo is currently the head of the Department of Political Science and International Relations and at Istanbul 29 Mayis University. Since October 2017, he is Dean pro tempore of the Faculty of Economic and Administrative Sciences. He has been working in Turkish universities since 2005 (Istanbul, Turkey). He has published several articles (in English and Italian) on Islamist intellectual in Turkey; also, he conducts research on voting behavior and has published a book in Turkish on electoral campaigns. Michelangelo speaks Italian, English and Turkish (as nearly native) and fluent Arabic.<\/p>\n<\/div>\n<\/div>\n<\/div>\n<\/div>\n<div class=\"card mb-3\">\n<div class=\"row no-gutters\">\n<div class=\"col-md-3\"><img decoding=\"async\" class=\"w-100\" src=\"https:\/\/filehost.29mayis.edu.tr\/upload\/2017\/05\/01\/oguzhan_goksel_1590cad39d3511_200x250at.jpg\" alt=\"...\" \/><\/div>\n<div class=\"col-md-9\">\n<div class=\"card-body\">\n<h5 class=\"card-title\">Dr. O\u011fuzhan G\u00d6KSEL<\/h5>\n<p class=\"card-text\">Dr O\u011fuzhan G\u00f6ksel is Assistant Professor of Comparative Politics at the Department of Political Science and International Relations, Istanbul 29 Mayis University, Turkey. He completed his Ph.D. degree in the School of Government and International Affairs &amp; Ustinov College at Durham University, UK in 2015. He is also the Editor-in-Chief of New Middle Eastern Studies journal, based in the UK. Dr G\u00f6ksel\u201fs works have been published in various edited books and international peer-reviewed journals such as Mediterranean Politics, British Journal of Middle Eastern Studies and Turkish Studies. He is the co-editor of the book entitled \u201cTurkey\u2019s Relations with the Middle East: Political Encounters after the Arab Spring\u201d (New York: Springer, 2018). G\u00f6ksel&#8217;s main areas of research are modernization and non-Western modernities, comparative politics, historical sociology, political economy of development and foreign policy analysis.<\/p>\n<\/div>\n<\/div>\n<\/div>\n<\/div>\n<div class=\"card mb-3\">\n<div class=\"row no-gutters\">\n<div class=\"col-md-3\"><img decoding=\"async\" class=\"w-100\" src=\"https:\/\/filehost.29mayis.edu.tr\/upload\/2019\/05\/23\/zeynep-selen_200x250at.jpg\" alt=\"...\" \/><\/div>\n<div class=\"col-md-9\">\n<div class=\"card-body\">\n<h5 class=\"card-title\">Dr. Zeynep Selen Artan \u2013 Bayhan<\/h5>\n<p class=\"card-text\">Dr. Z. Selen Bayhan holds a BA in Sociology and a MA in Political Science and International Relations from Bogazici University (Istanbul). She received her PhD. in sociology from the Graduate Center, CUNY. She is currently an Assistant Professor at the Social Work Department at Istanbul 29 Mayis University. Her research interests spans across issues including identity, migration, gender, media and memory. She speaks Turkish, English and basic French.<\/p>\n<\/div>\n<\/div>\n<\/div>\n<\/div>\n<div class=\"card mb-3\">\n<div class=\"row no-gutters\">\n<div class=\"col-md-3\"><img decoding=\"async\" class=\"w-100\" src=\"https:\/\/filehost.29mayis.edu.tr\/upload\/2021\/02\/15\/oguzhan-barcin_200x250at.jpg\" alt=\"...\" \/><\/div>\n<div class=\"col-md-9\">\n<div class=\"card-body\">\n<h5 class=\"card-title\">O\u011fuzhan Bar\u00e7\u0131n<\/h5>\n<p class=\"card-text\"><em>Chair Assistant<\/em><\/p>\n<p class=\"card-text\">O\u011fuzhan Bar\u00e7\u0131n received his bachelor degree in Political Science and International Relations with specialisation in European Union from Istanbul 29 May\u0131s University in 2020. As of today, he is Master\u2019s student in Political Science and simultaneously act as assistant to the Jean Monnet Chair at Istanbul 29 May\u0131s University. He speaks Turkish, English and basic French.<\/p>\n<\/div>\n<\/div>\n<\/div>\n<\/div>\n","protected":false},"excerpt":{"rendered":"<p>Prof. Dr. \u00d6zg\u00fcr \u00dcnal Eri\u015f Chairholder Jean Monnet Chair on EU Awareness, Relations and Cooperation Professor \u00d6zg\u00fcr \u00dcnal \u2013 Eri\u015f received her bachelor degree from Bo\u011fazi\u00e7i University Political Science and International Relations Department in 1996. She then completed her masters in European Studies in 1998 in University of Exeter\u2019s Centre of European Studies in United [&hellip;]<\/p>\n","protected":false},"author":1,"featured_media":0,"parent":0,"menu_order":0,"comment_status":"closed","ping_status":"closed","template":"","meta":{"footnotes":""},"class_list":["post-21","page","type-page","status-publish","hentry"],"_links":{"self":[{"href":"https:\/\/jeanmonnet.29mayis.edu.tr\/coaware\/wp-json\/wp\/v2\/pages\/21","targetHints":{"allow":["GET"]}}],"collection":[{"href":"https:\/\/jeanmonnet.29mayis.edu.tr\/coaware\/wp-json\/wp\/v2\/pages"}],"about":[{"href":"https:\/\/jeanmonnet.29mayis.edu.tr\/coaware\/wp-json\/wp\/v2\/types\/page"}],"author":[{"embeddable":true,"href":"https:\/\/jeanmonnet.29mayis.edu.tr\/coaware\/wp-json\/wp\/v2\/users\/1"}],"replies":[{"embeddable":true,"href":"https:\/\/jeanmonnet.29mayis.edu.tr\/coaware\/wp-json\/wp\/v2\/comments?post=21"}],"version-history":[{"count":2,"href":"https:\/\/jeanmonnet.29mayis.edu.tr\/coaware\/wp-json\/wp\/v2\/pages\/21\/revisions"}],"predecessor-version":[{"id":350,"href":"https:\/\/jeanmonnet.29mayis.edu.tr\/coaware\/wp-json\/wp\/v2\/pages\/21\/revisions\/350"}],"wp:attachment":[{"href":"https:\/\/jeanmonnet.29mayis.edu.tr\/coaware\/wp-json\/wp\/v2\/media?parent=21"}],"curies":[{"name":"wp","href":"https:\/\/api.w.org\/{rel}","templated":true}]}}